{"id":273,"date":"2014-06-14T19:10:28","date_gmt":"2014-06-15T02:10:28","guid":{"rendered":"http:\/\/carolinebeghein.com\/?page_id=273"},"modified":"2025-01-07T10:54:25","modified_gmt":"2025-01-07T17:54:25","slug":"invited-presentations","status":"publish","type":"page","link":"https:\/\/faculty.epss.ucla.edu\/~cbeghein\/invited-presentations\/","title":{"rendered":"Invited Presentations"},"content":{"rendered":"<ul>\n<li><strong><strong><strong><strong>April 2025<\/strong>:<\/strong><\/strong><\/strong><em> Caltech Seismo Lab Seminar<\/em><\/li>\n<li><strong><strong><strong><strong>August 2023: <\/strong><\/strong><\/strong><\/strong><em><em>LPI Webinar &#8211; &#8220;<\/em><\/em>Seismological Constraints on Mars Interior Structure: Results from the InSight Mission<em>&#8220;<\/em><\/li>\n<li><strong><strong><strong><strong>June 2023: <\/strong><\/strong><\/strong><\/strong><em>Gordon Research Conference Interior of the Earth<\/em><\/li>\n<li><strong><strong><strong><strong>May 2022: <\/strong><\/strong><\/strong><\/strong><i>EGU General Assembly, <\/i>\u201cConstraining Seismic Anisotropy on Mars: New Challenges and First Detection\u201d, Vienna, Austria<\/li>\n<li><strong><strong><strong>March 2021: <\/strong><\/strong><\/strong>Department of Geosciences<em>,\u00a0<\/em>Baylor University &#8211; &#8220;<em>Probing Earth\u2019s Largest Tectonic Plate with Seismic Tomography &#8211; The Thermal Nature of the Pacific Plate<\/em>\u201d<\/li>\n<li><strong><strong><strong>February 2021: <\/strong><\/strong><\/strong>Space Exploration Educators Conference &#8211; &#8220;<i>Geophysics on Mars: Update on the InSight Mission<\/i>\u201d<\/li>\n<li><strong><strong><strong><strong>March 2020 (postponed due to COVID-19):\u00a0<\/strong><\/strong><\/strong><\/strong>College de France, Paris, Global Scale Seismic Imaging and Dynamics of the Earth\u2019s Mantle workshop, \u201c<em>Seismological Constraints on Plate Boundaries and the Mantle Transition Zone<\/em>\u201d<\/li>\n<li><strong><strong><strong>February 2020: <\/strong><\/strong><\/strong>Space Exploration Educators Conference &#8211; &#8220;<em>One Year of Seismology on Mars: Update on the InSight Mission<\/em>\u201d<\/li>\n<li><strong><strong><strong>October 2019:\u00a0<\/strong><\/strong><\/strong>Institute for Geophysics, UT Austin &#8211; \u201c<i>Physical Constraints on the Oceanic Plate From Seismic Tomography and Thermodynamics<\/i>\u201d<\/li>\n<li><strong><strong>February 2019:\u00a0<\/strong><\/strong>Space Exploration Educators Conference &#8211; &#8220;<em>Taking Mars Vital Signs<\/em>&#8220;<\/li>\n<li><strong>December 2017<\/strong>: AGU Fall Meeting &#8211; &#8220;<em>Uncertainties in upper mantle and transition zone azimuthal anisotropy and consequences for mantle dynamics<\/em>&#8220;<\/li>\n<li><strong>July 2017<\/strong>: COMPRES Annual Meeting, Albuquerque, New Mexico &#8211; &#8220;<em>Seismological Constraints on Mantle Transition Zone Anisotropy<\/em>&#8220;<\/li>\n<li><strong>October 2016:<\/strong>\u00a0Southwest Oregon Community College\u00a0&#8211; &#8220;<em>From Plate Tectonics to Deep Earth\u00a0Dynamics: A Seismological Journey Inside\u00a0the Earth<\/em>&#8220;<\/li>\n<li><strong>August 2016<\/strong>:\u00a0Oregon Museum of Science and Industry\u00a0&#8211; &#8220;<em>From Plate Tectonics to Deep Earth\u00a0Dynamics: A Seismological Journey Inside\u00a0the Earth<\/em>&#8220;<\/li>\n<li><strong>July 2016<\/strong>: CIDER\u00a02016 Summer Program &#8211; &#8220;<em>Inferences on transition zone anisotropy from higher mode surface waves<\/em>&#8220;<\/li>\n<li><strong>January 2016<\/strong>: Rutgers Geology Museum Open House\u00a0-&#8220;<em>From Plate Tectonics to Deep Earth\u00a0Dynamics: A Seismological Journey Inside\u00a0the Earth<\/em>&#8220;<\/li>\n<li><strong>December 2014<\/strong>: AGU Fall Meeting &#8211;\u00a0<em>&#8220;Constraints on the Thermal and Compositional Nature of the Oceanic Lithosphere-Asthenosphere Boundary from Seismic Anisotropy&#8221;<\/em><\/li>\n<li><strong>March 2014<\/strong>: Carnegie Institution for Science, Department of Terrestrial Magnetism &#8211; \u201c<em>New Constraints on Mantle Dynamics and Oceanic Plate Formation From Seismic Anisotropy<\/em>\u201d<\/li>\n<li><strong>February 2014<\/strong>: Princeton University, Department of Geosciences &#8211; \u201c<em>New Constraints on Mantle Dynamics and Oceanic Plate Formation From Seismic Anisotropy<\/em>\u201d<\/li>\n<li><strong>February 2014<\/strong>: <a href=\"https:\/\/www.youtube.com\/watch?v=N1lk47DVVTI&amp;feature=em-uploademail\" target=\"_blank\" rel=\"noopener noreferrer\">IRIS Webinar<\/a>\u00a0&#8211; \u201c<em>New Constraints on the Nature of the Gutenberg Discontinuity From Anisotropic Seismic Tomography<\/em>\u201d<\/li>\n<li><strong>January 2014<\/strong>: University of Copenhagen, Niels Bohr Institute &#8211; \u201c<em>New Views on Earth\u2019s Interior From Seismic Tomography<\/em>\u201d<\/li>\n<li><strong>December 2013<\/strong>: AGU Fall Meeting session DI31 &#8211; \u201c<em>Investigating the Origin of the Gutenberg Discontinuity With Anisotropic Seismic Tomography<\/em>\u201d<\/li>\n<li><strong>December<\/strong> <strong>2013:<\/strong> AGU Fall Meeting session\u00a0DI22\u00a0-\u201c<em>Changes in seismic anisotropy across the transition zone boundaries<\/em>\u201d<\/li>\n<li><strong>May 2013<\/strong>: 1st Southern California Deep Earth Dynamics Symposium &#8211; \u201c<em>Seismic Anisotropy Changes Across Upper Mantle Phase Transitions<\/em>\u201d<\/li>\n<li><strong>May 2012<\/strong>: University of Edinburgh, School of Geosciences &#8211; \u201c<em>New Views of Core and Mantle Fabrics From Seismic Tomography<\/em>\u201d<\/li>\n<li><strong>May 2012<\/strong>: University of Liverpool, School of Environmental Sciences &#8211; \u201c<em>New Views of Core and Mantle Fabrics From Seismic Tomography\u201d<\/em><\/li>\n<li><strong>April 2012<\/strong>: Caltech Seismo Lab Seminar &#8211; \u201c<em>Global Mantle Seismic Anisotropy and Consequences for Mantle Deformation and Earth&#8217;s Deep Water Cycle<\/em>\u201d<\/li>\n<li><strong>February 2012<\/strong>: University of Illinois Urbana-Champaign, Department of Geology &#8211; \u201c<em>Improving Constraints on Mantle Deformation Through Seismic Tomography: A Probabilistic Approach to Modeling Seismic Anisotropy<\/em>\u201d<\/li>\n<li><strong>November 2010<\/strong>: Scripps Institution of Oceanography, Earth Sciences Seminar Series &#8211;\u00a0<em>\u201cSeismological Detection of Anisotropy in the Mantle (and Consequences for Mantle Circulation)\u201d<\/em><\/li>\n<li><strong>November 2010<\/strong>: Structural Seismology Seminar Guest Lecturer, University of Southern California- \u201c<em>Earth\u2019s Free Oscillations<\/em>\u201d<\/li>\n<li><strong>July 2010<\/strong>: 12th Symposium of SEDI, Study of the Earth&#8217;s Deep Interior, Santa Barbara, CA &#8211;\u00a0\u201c<em>Constraining Global Transition Zone Anisotropy<\/em>\u201d<\/li>\n<li><strong>May 2010<\/strong>: IGPP Seminar, UCLA &#8211; \u201c<em>Probing Earth\u2019s Dynamic Interior With Free Oscillations and Other Long Period Seismic Data<\/em>\u201d<\/li>\n<li><strong>March 2010<\/strong>: Earthscope Transportable Array Working Group webinar &#8211; \u201c<em>Great Basin Azimuthal Anisotropy<\/em>\u201d<\/li>\n<li><strong>December 2009<\/strong>: AGU Fall Meeting session DI07 (Seismic Anisotropy and Geodynamics) &#8211; \u201c<em>Constraining Upper Mantle Azimuthal Anisotropy With Free Oscillation Data<\/em>\u201d<\/li>\n<li><strong>September 2009<\/strong>: University of Leeds (UK), School of Earth and Environment\u00a0-\u201c<em>Seismic Anisotropy From the Core to the Crust<\/em>\u201d<\/li>\n<li><strong>February 2009<\/strong>: UCLA Seismology Seminar &#8211; \u201c<em>Past and Present Deformation in the Great Basin Revealed by Rayleigh Wave Azimuthally Anisotropic Phase Velocity Maps<\/em>\u201d<\/li>\n<li><strong>October 2008<\/strong>: Berkeley Seismological laboratory &#8211; \u201c<em>Seismic Anisotropy in the Nevada Great Basin: Evidence for Lithospheric Delamination?<\/em>\u201d<\/li>\n<li><strong>April 2008<\/strong>: UCLA Earth and Space Science Department &#8211; \u201c<em>Upper Mantle Seismic Anisotropy: A Statistical Approach<\/em>\u201d<\/li>\n<li><strong>March 2008<\/strong>: Caltech Seismological laboratory &#8211; \u201c<em>Effect of Seismic Anisotropy on the Coupling of the Earth\u2019s Normal Modes<\/em>\u201d<\/li>\n<li><strong>November 2007<\/strong>: University of Texas at Austin, Department of Geological Sciences\u00a0-\u201c<em>A model space search approach to mantle seismic anisotropy<\/em>&#8220;<\/li>\n<li><strong>November 2007<\/strong>: University of Texas at Austin, Institute for Geophysics &#8211; \u201c<em>A seismological trip to the inner core<\/em>&#8220;<\/li>\n<li><strong>November 2007<\/strong>: University of Northern Arizona, Department of Geology &#8211; \u201c<em>A seismological trip to the inner core<\/em>&#8220;<\/li>\n<li><strong>March 2007<\/strong>: UCLA Earth and Space Science Department &#8211; \u201c<em>No Rock Hammer Required: A seismological trip to the inner core<\/em>&#8220;<\/li>\n<li><strong>March 2007<\/strong>: UCLA Seismology Seminar &#8211; \u201c<em>Upper Mantle Seismic Anisotropy at the Global and regional Scale&#8221;<\/em><\/li>\n<li><strong>October 2006<\/strong>: University of Southern California, Earth Sciences Department &#8211; \u201c<em>Global Models of Anisotropy: To Scale or not to Scale<\/em>&#8220;<\/li>\n<li><strong>October 2006<\/strong>: University of Southern California, Earth Sciences Department &#8211; \u201c<em>Looking Inside the Earth With (Un)Certainty<\/em>&#8220;<\/li>\n<li><strong>April 2006<\/strong>: Universit\u00e9 du Qu\u00e9bec \u00e0 Montr\u00e9al, Earth Sciences Department &#8211; \u201c<em>Seismic Tomography Uncertainties: What do Seismic Data Really Tell us About the Earth?&#8221;<\/em><\/li>\n<li><strong>November 2005<\/strong>: Pennsylvania State University, Department of Geosciences Colloquium &#8211; \u201c<em>Seismic Tomography Uncertainties: Seismic Anisotropy at the Global and Regional Scales<\/em>&#8220;<\/li>\n<li><strong>August 2005<\/strong>: University of Leeds (UK), School of Earth and Environment &#8211; \u201c<em>Seismic Tomography Uncertainties: Seismic Anisotropy at the Global and Regional Scales&#8221;<\/em><\/li>\n<li><strong>May 2005<\/strong>: Boise State University, Department of geosciences &#8211; \u201c<em>Uncertainties in Tomographic Models: Examples From the Core, Mantle, and the Crust<\/em>&#8220;<\/li>\n<li><strong>February 2005<\/strong>: University of Michigan, Department of Geological Sciences &#8211; \u201c<em>Uncertainties in Tomographic Models: Not Quite a Field Trip to the Core and Mantle&#8221;<\/em><\/li>\n<li><strong>June 2004<\/strong>: Summer School at the Colorado School of Mines on Mathematical Geophysics and Uncertainty in Earth Models &#8211; \u201c<em>A Model Space Search Approach to Global Tomography<\/em>&#8220;<\/li>\n<li><strong>May 2004<\/strong>: Caltech Seismological Laboratory &#8211; \u201c<em>Probabilistic Tomography and Radial Anisotropy in the Mantle<\/em>&#8220;<\/li>\n<li><strong>April 2004<\/strong>: Princeton University, Department of Geosciences Brownbag Seminar &#8211; \u201c<em>Probabilistic tomography for inner core and mantle anisotropy\u201d&#8217;<\/em><\/li>\n<li><strong>May 2003<\/strong>: Oxford University Department of Earth Sciences &#8211; \u201c<em>Constraining Inner Core and Upper Mantle Anisotropy With a Model Space Search\u201d<\/em><\/li>\n<li><strong>May 2003<\/strong>: Utrecht University, Integrated Geodynamic Seminar\u00a0-\u201c<em>Seismological Constraints on Inner Core Anisotropy\u201d<\/em><\/li>\n<li><strong>December 2002<\/strong>: Yale University, Department of Geology and Geophysics\u00a0-\u201c<em>Normal Mode Seismology Using a Full Model Space Search: Application to Mantle Tomography and Inner Core Anisotropy<\/em>\u201d<\/li>\n<\/ul>\n<p>&nbsp;<\/p>\n","protected":false},"excerpt":{"rendered":"<p>April 2025: Caltech Seismo Lab Seminar August 2023: LPI Webinar &#8211; &#8220;Seismological Constraints on Mars Interior Structure: Results from the InSight Mission&#8220; June 2023: Gordon Research Conference Interior of the Earth May 2022: EGU General Assembly, \u201cConstraining Seismic Anisotropy on Mars: New Challenges and First Detection\u201d, Vienna, Austria March 2021: Department of Geosciences,\u00a0Baylor University &#8211; &hellip; <\/p>\n<p class=\"link-more\"><a href=\"https:\/\/faculty.epss.ucla.edu\/~cbeghein\/invited-presentations\/\" class=\"more-link\">Read more<span class=\"screen-reader-text\"> &#8220;Invited Presentations&#8221;<\/span><\/a><\/p>\n","protected":false},"author":2,"featured_media":876,"parent":0,"menu_order":4,"comment_status":"closed","ping_status":"closed","template":"","meta":{"inspiro_hide_title":false,"footnotes":""},"class_list":["post-273","page","type-page","status-publish","has-post-thumbnail","hentry"],"jetpack_sharing_enabled":false,"featured_media_urls":{"thumbnail":["https:\/\/faculty.epss.ucla.edu\/~cbeghein\/wp-content\/uploads\/2014\/12\/10391441_1587633138134773_7065103185346230992_n-150x150.jpg",150,150,true],"medium":["https:\/\/faculty.epss.ucla.edu\/~cbeghein\/wp-content\/uploads\/2014\/12\/10391441_1587633138134773_7065103185346230992_n-300x225.jpg",300,225,true],"medium_large":["https:\/\/faculty.epss.ucla.edu\/~cbeghein\/wp-content\/uploads\/2014\/12\/10391441_1587633138134773_7065103185346230992_n.jpg",768,576,false],"large":["https:\/\/faculty.epss.ucla.edu\/~cbeghein\/wp-content\/uploads\/2014\/12\/10391441_1587633138134773_7065103185346230992_n.jpg",950,713,false],"1536x1536":["https:\/\/faculty.epss.ucla.edu\/~cbeghein\/wp-content\/uploads\/2014\/12\/10391441_1587633138134773_7065103185346230992_n.jpg",960,720,false],"2048x2048":["https:\/\/faculty.epss.ucla.edu\/~cbeghein\/wp-content\/uploads\/2014\/12\/10391441_1587633138134773_7065103185346230992_n.jpg",960,720,false],"inspiro-featured-image":["https:\/\/faculty.epss.ucla.edu\/~cbeghein\/wp-content\/uploads\/2014\/12\/10391441_1587633138134773_7065103185346230992_n.jpg",960,720,false],"inspiro-loop":["https:\/\/faculty.epss.ucla.edu\/~cbeghein\/wp-content\/uploads\/2014\/12\/10391441_1587633138134773_7065103185346230992_n-950x320.jpg",950,320,true],"inspiro-loop@2x":["https:\/\/faculty.epss.ucla.edu\/~cbeghein\/wp-content\/uploads\/2014\/12\/10391441_1587633138134773_7065103185346230992_n-960x640.jpg",960,640,true],"portfolio_item-thumbnail":["https:\/\/faculty.epss.ucla.edu\/~cbeghein\/wp-content\/uploads\/2014\/12\/10391441_1587633138134773_7065103185346230992_n-600x400.jpg",600,400,true],"portfolio_item-thumbnail@2x":["https:\/\/faculty.epss.ucla.edu\/~cbeghein\/wp-content\/uploads\/2014\/12\/10391441_1587633138134773_7065103185346230992_n.jpg",960,720,false],"portfolio_item-masonry":["https:\/\/faculty.epss.ucla.edu\/~cbeghein\/wp-content\/uploads\/2014\/12\/10391441_1587633138134773_7065103185346230992_n-600x450.jpg",600,450,true],"portfolio_item-masonry@2x":["https:\/\/faculty.epss.ucla.edu\/~cbeghein\/wp-content\/uploads\/2014\/12\/10391441_1587633138134773_7065103185346230992_n.jpg",960,720,false],"portfolio_item-thumbnail_cinema":["https:\/\/faculty.epss.ucla.edu\/~cbeghein\/wp-content\/uploads\/2014\/12\/10391441_1587633138134773_7065103185346230992_n-800x335.jpg",800,335,true],"portfolio_item-thumbnail_portrait":["https:\/\/faculty.epss.ucla.edu\/~cbeghein\/wp-content\/uploads\/2014\/12\/10391441_1587633138134773_7065103185346230992_n-600x720.jpg",600,720,true],"portfolio_item-thumbnail_portrait@2x":["https:\/\/faculty.epss.ucla.edu\/~cbeghein\/wp-content\/uploads\/2014\/12\/10391441_1587633138134773_7065103185346230992_n.jpg",960,720,false],"portfolio_item-thumbnail_square":["https:\/\/faculty.epss.ucla.edu\/~cbeghein\/wp-content\/uploads\/2014\/12\/10391441_1587633138134773_7065103185346230992_n-800x720.jpg",800,720,true]},"_links":{"self":[{"href":"https:\/\/faculty.epss.ucla.edu\/~cbeghein\/wp-json\/wp\/v2\/pages\/273","targetHints":{"allow":["GET"]}}],"collection":[{"href":"https:\/\/faculty.epss.ucla.edu\/~cbeghein\/wp-json\/wp\/v2\/pages"}],"about":[{"href":"https:\/\/faculty.epss.ucla.edu\/~cbeghein\/wp-json\/wp\/v2\/types\/page"}],"author":[{"embeddable":true,"href":"https:\/\/faculty.epss.ucla.edu\/~cbeghein\/wp-json\/wp\/v2\/users\/2"}],"replies":[{"embeddable":true,"href":"https:\/\/faculty.epss.ucla.edu\/~cbeghein\/wp-json\/wp\/v2\/comments?post=273"}],"version-history":[{"count":25,"href":"https:\/\/faculty.epss.ucla.edu\/~cbeghein\/wp-json\/wp\/v2\/pages\/273\/revisions"}],"predecessor-version":[{"id":3211,"href":"https:\/\/faculty.epss.ucla.edu\/~cbeghein\/wp-json\/wp\/v2\/pages\/273\/revisions\/3211"}],"wp:featuredmedia":[{"embeddable":true,"href":"https:\/\/faculty.epss.ucla.edu\/~cbeghein\/wp-json\/wp\/v2\/media\/876"}],"wp:attachment":[{"href":"https:\/\/faculty.epss.ucla.edu\/~cbeghein\/wp-json\/wp\/v2\/media?parent=273"}],"curies":[{"name":"wp","href":"https:\/\/api.w.org\/{rel}","templated":true}]}}